= 3*w + 11. Calculate m(w).
0
Let j(q) = 15*q**2 - 6 + 7*q - 16*q**2 + 3*q - 2. Let t be 3/2*(2 - 16/12). Suppose 0 = -i - 4*x + 25, i - 5*x + 10 = -t. Give j(i).
1
Let n(q) = -q - 7. Let z(t) = -3*t**2 - 7*t + 13. Let h be z(-4). Let m(r) = -15 - 4*r - r**2 - 4*r - r**3 - 7*r**2. Let g be m(h). What is n(g)?
1
Let a(g) = 2*g + 4. Let x(d) = -d**3 + d**2. Let q(p) = 5*p**3 - 20*p**2 + 14*p + 20. Let j(o) = -q(o) - 4*x(o). Let n = -94 - -109. Let b be j(n). Give a(b).
-6
Let p(a) be the second derivative of 4*a**3 + 75*a**2 - 734*a. Give p(-6).
6
Let c = 12 + -22. Let y(j) = -5*j**2 + 6*j. Let l(b) = -3*b**2 + 7*b + 1. Let o(s) = 3*l(s) - 2*y(s). Determine o(c).
13
Let u(n) be the third derivative of 0*n**3 + 1/720*n**6 + 1/15*n**5 - 4*n**2 + 0*n + 1/2*n**4 + 0. Let x(z) be the second derivative of u(z). What is x(-9)?
-1
Let l(g) = 8*g**2 - 13*g - 374. Let j(z) = 13*z**2 - 19*z - 562. Let b(t) = 5*j(t) - 8*l(t). Let p(y) be the first derivative of b(y). Give p(9).
27
Suppose 2*k - 8*f - 16 = 0, 2*k - 2*f + 17 - 9 = 0. Let g(r) = -r**2 + 14*r + 27. Determine g(k).
-149
Let k(m) = m**2 + 35*m - 47. Let c(y) = 6*y**2 + 186*y - 236. Let l(r) = -2*c(r) + 11*k(r). Calculate l(6).
-3
Let x(t) be the second derivative of -2*t**2 + 1/6*t**3 - 2 + 1/20*t**5 + 0*t**4 + 31*t. What is x(3)?
26
Suppose -9*v + 0*v - 27 = 0. Let w(s) = -19*s**3 - 11*s**2 - 5*s - 11. Let a(n) = 7*n**3 + 4*n**2 + 2*n + 4. Let i(g) = v*w(g) - 8*a(g). Calculate i(-3).
-14
Let w(v) = -139*v**2 - 4 - 7*v + 9*v + 5 + 150*v**2. Give w(-1).
10
Let h(g) be the first derivative of -g**5/120 + 23*g**4/24 + 107*g**3/3 + 90. Let w(f) be the third derivative of h(f). Give w(11).
12
Let c(d) = -d**3 - 14*d**2 + d + 17. Let h(o) = 2*o + 2*o**2 - o**2 - 43 - 25 + 6 + 0*o. Let n be h(-8). Determine c(n).
3
Let j(s) = -10*s - 45. Let b = 4027 + -4037. Give j(b).
55
Let w(a) be the third derivative of a**5/6 + a**3/6 + 685*a**2. What is w(1)?
11
Let j be (1 - 0)/(-20 - -19) - 1. Let p(t) = 166*t + 335. Give p(j).
3
Suppose -2*g = w - 6, -4*w + 5*g = 7 - 5. Let h(k) = -1318 + k**w - 11*k + 1318. What is h(11)?
0
Let i(a) = a**3 + 19*a**2 + 84*a + 24. Let o(w) = 2*w**3 + 26*w**2 + 83*w + 26. Let b(j) = 3*i(j) - 2*o(j). Calculate b(-7).
6
Let u(q) = 4161 - 1038 - 1045 - 1039 - 1045 + 4*q. Let s = 0 + -5. What is u(s)?
-26
Let m(l) = 2*l**3 - 2*l**2 + 2*l. Suppose -20*k + 2875 = -5545. Let u = k + -420. Give m(u).
2
Let d(n) = 2*n**2 + 11*n + 21. Let v be ((2/40)/(1/12))/((-3)/15). Determine d(v).
6
Suppose z + z + 16 = 4*i, -i + 4 = -3*z. Let d(f) = -f**2 + 0*f**2 - 70 + z*f**2 - 2*f + 32 + 39 - f**3. What is d(2)?
-15
Let h(c) be the third derivative of c**5/60 + 5*c**4/12 + c**3/3 - 2630*c**2 - 1. Calculate h(-14).
58
Let g(z) = -z - 23. Let n be g(-25). Let t(w) = -12 + 10*w - 10*w - 3*w + n*w. Determine t(5).
-17
Suppose -7*c - 52 = 4*n - 3*c, -3*n + 16 = -8*c. Let p(m) = -27*m - 216. What is p(n)?
0
Let b(z) = z**3 - 9*z**2 + z - 4. Let g(c) = -c**3 - 7*c**2 + 5*c - 15. Let i be 3/(-15) - (-156)/(-20). Let s be g(i). What is b(s)?
5
Suppose -13 = -3*q - g, 5*q - 3 = -143*g + 146*g. Let o(a) = 7*a + 3. Give o(q).
24
Let v(u) = 6*u + 80. Suppose 5*b = 5*k - 100, -4*b - 30*k - 26 = -25*k. Determine v(b).
-4
Let i(r) = 11177*r - 44705. Let b be i(4). Let p(c) = -4*c - 21. Let n(o) = -2*o - 11. Let j(t) = -11*n(t) + 6*p(t). What is j(b)?
-11
Let y = 147 - 68. Let t(r) = -y - 6*r + 35 + r**2 + 43. Give t(5).
-6
Let d(w) = -30*w - 357. Let t(s) = -15*s - 151. Let r(x) = 3*d(x) - 7*t(x). What is r(6)?
76
Let v(f) = 2*f**3 + 42*f**2 + f + 23. Let a be v(-21). Let d(x) = 10 + 9*x**2 - 2*x - 11 - 2*x**a. What is d(-1)?
8
Let a = -27 - -37. Suppose -3*v = -4*y - 6*v + 62, 4*y - 5*v = 78. Let o(b) = -11*b**2 - y*b**2 - b**3 + 12 + 39*b**2 - 11*b. Calculate o(a).
2
Let o(h) be the third derivative of -h**6/120 + h**5/60 - h**4/24 - 4*h**3/3 + 2*h**2. Let l be (2 - 2)*((-2)/3)/(22/(-11)). Determine o(l).
-8
Let s(c) = -4*c - 2. Let z(w) = w**2 + w - 3. Let l be z(4). Suppose -v - 7*v + 176 = 0. Suppose -v = 13*n + l. Determine s(n).
10
Let q be (-15 - -15)*(0 - -1). Let a be (-25 - -28)*(1 - q). Let d(v) = -27*v**3 - 1 + 6*v**2 + 59*v**a + 4*v - 31*v**3. Give d(-5).
4
Let v = -4278 + 4283. Let f(j) = 4*j - 1. Determine f(v).
19
Let c(x) = 22*x**2 + 21*x - 19. Let f(r) = 10*r**2 + 10*r - 9. Let k = 322 - 335. Let h(a) = k*f(a) + 6*c(a). Give h(3).
9
Let c(i) = -15*i**3 - 44*i**2 + 147*i - 76. Let b(a) = -4*a**3 - 11*a**2 + 37*a - 19. Let y(f) = -19*b(f) + 5*c(f). Determine y(7).
9
Suppose -4*n - 2*n + 30 = 0. Let o(k) = -2*k**2 - 32*k + 8. Let z be o(-16). Let r(u) = 8 + 6*u**2 - 7*u - u**3 - z + 0*u. What is r(n)?
-10
Let u(a) be the first derivative of -41*a + 35*a**3 + 41*a + 405 - 37*a**3. Suppose 3 = 3*y - 0*y. What is u(y)?
-6
Let n(j) = -153*j - 16. Let m(q) = 61*q + 9. Let u(d) = -5*m(d) - 2*n(d). Let c = 1 + 5. Determine u(c).
-7
Let a(j) = 13*j + 121. Suppose 10*n - 9*n = 5, 42 = -3*g + 3*n. Determine a(g).
4
Let f(p) = -5*p - 9 - 7*p**2 + 22*p**2 - 4*p**2 - 10*p**2. Suppose -2*y - 2*k + 10 = 0, -4*y + 32 = k - 3*k. Calculate f(y).
5
Suppose 180 = 5*s - 5*y, -3*s - 12*y + 11*y + 120 = 0. Suppose 21*o - s = 34*o. Let w(l) = 2*l**2 + l - 1. Determine w(o).
14
Suppose 0 = -3*t - 12 - 3, -5*d + 5 = -2*t. Let u(g) = 10*g - 3 + 0 + 5. Let p be u(d). Let h(z) = -z**3 - 9*z**2 - 6*z + 6. What is h(p)?
-10
Let q be (10/15)/(4/(-18)). Let p(l) be the second derivative of l**4/12 + 5*l**3/6 + l**2 - 416*l. Calculate p(q).
-4
Let k be ((-2)/3)/(258/(-54) + 5). Let w(p) = -p**2 + 3*p + 19. Let n be w(k). Let t(i) = -i**3 - 2*i**2 + 2*i - 1. What is t(n)?
-2
Let g(t) = t - 7. Let b(j) = j**2 - 7*j - 189. Suppose 5*q - 14 = 6*q - 3*d, -49 = 4*q - 5*d. Let x be b(q). Determine g(x).
2
Let p(x) = 98*x**2 + 44*x + 47. Let k(r) = -15*r**2 - 7*r - 8. Let o(z) = 13*k(z) + 2*p(z). Calculate o(3).
-10
Let h(m) = -14*m**3 - 457*m**2 + 171*m + 207. Let l be h(-33). Let g(k) be the first derivative of -k**2/2 + 5*k + 1. Determine g(l).
-4
Let g(j) = 21*j + 1. Suppose 0 = 71*y - 102*y + 341. Suppose -4*p - y = -3*u, 0 = 3*u - 3 - 12. Calculate g(p).
22
Let m be 320/(-56) + 6 + 88/(-14). Let o(z) = -z - 1. Suppose 4*y = 6*y + 10. Let s(f) = -4*f + 7. Let x(i) = y*o(i) + s(i). Calculate x(m).
6
Let o(l) be the first derivative of -4*l**3 - l**2/2 - 2*l + 3452. Give o(-1).
-13
Let d(v) be the first derivative of 61 - 2*v**2 - 1/4*v**4 + v - 4/3*v**3. Give d(-3).
4
Suppose 5*z = 4*x - 19, -5*z - 1017 = -5*x - 997. Let l(w) = 6*w**3 + w**2 - 4*w - 7. Give l(z).
-148
Let x = -111 + 129. Let w(y) = -8*y**3 + x*y**3 - y**3 - 8*y**3 + 1. Give w(-2).
-7
Let y(k) = 26*k**3 - 18*k**2 - 10*k - 15. Let d(p) = -31*p**3 + 19*p**2 + 9*p + 16. Let o(v) = 5*d(v) + 6*y(v). Suppose -5*l + 26 = -44. What is o(l)?
-24
Let p(a) = 39*a**3 + a**2 - 4*a + 17. Let r(d) = 88*d**3 + d**2 - 8*d + 37. Let h(y) = 9*p(y) - 4*r(y). Determine h(4).
5
Let u(z) = 2*z - 645. Let a(w) = 3*w - 570. Let c(b) = 9*a(b) - 8*u(b). Calculate c(-10).
-80
Let u = 91 + -95. Let y(n) be the third derivative of n**6/120 + n**5/20 + n**4/24 - n**3/2 - n**2 + 3. Calculate y(u).
-23
Let n be -12*(-1 - 3/(-2)). Let x be 40 - ((-24)/9 - 4/n). Suppose 36 = -13*t - x. Let h(v) = -v - 7. What is h(t)?
-1
Let s(q) = q**3 + 8*q**2 - 9*q - 10. Suppose 8*z = 39*z - 2976. Suppose 3*a + z - 69 = 0. Calculate s(a).
-10
Let z(y) = -5*y - 2*y**2 + 3*y**2 + y + 3. Let c(l) = l**3 + 36*l**2 + 17*l + 616. Let n be c(-36). Determine z(n).
3
Suppose j - 15 = -4*j. Let y(t) = 3*t - 30. Let d(h) = -2*h + 17. Let g(a) = 9*d(a) + 5*y(a). Give g(j).
-6
Let i(v) = -2*v**3 + 16*v**2 + v - 5. Let a = 1114 + -1106. Determine i(a).
3
Let r be (-2 - -4)/((-4)/6). Let a(q) = q**3 - 20*q**2 + 39*q - 53. Let g be a(18). Let s(p) = -6 + 2 - g + 3 + p**2. Determine s(r).
7
Let c(t) = -t**3 - 4*t**2 - 2. Suppose -6*n + 46*n - 520 = 0. Suppose n*y + 232 = 206. What is c(y)?
-10
Let d(y) = -y + 1. Let o be (5 + -7)/((8/(-10))/2). Suppose 0 = o*v - 5*a + 29 + 11, 5*a = 10. What is d(v)?
7
Suppose -8259 = -24*x + 4869. Let q = -555 + x. Let n(z) = -z**2 - 9*z - 9. Give n(q).
-1
Let d(x) = 0*x - 2*x + 2 + 3*x + x. Let y be 8/(-20) + (-366)/10. Let u = y + 39. Give d(u).
6
Let w(a) = a**3 - 6*a**2 - 4*a + 4. Let r(c)